*k + 2 + 7 = -3*j. Suppose -k*t + 5*r + 66 = 0, 0 = 3*t + r - 85 + 19. Calculate the remainder when t is divided by 8.
6
What is the remainder when -10*2*(2 - 36/15) is divided by 5?
3
Suppose 0 = -3*y + 5*q + 2 - 0, -4*y - 4*q = -56. Calculate the remainder when 15 is divided by y.
6
Let k(c) = c**3 - 3*c**2 + 2*c + 1. Let j(i) = 16*i + 5. Let n(q) = 3*q + 1. Let a(v) = -2*j(v) + 11*n(v). Calculate the remainder when a(1) is divided by k(2).
0
Suppose -4*v = 2*v - 300. What is the remainder when v is divided by 26?
24
Suppose 5 = -4*m - 67. Let o = -1 - m. What is the remainder when 50 is divided by o?
16
Let v = -5 - -28. Calculate the remainder when 66 is divided by v.
20
Suppose 0 = -g - 2*h, -3*g - h = 2*h - 3. Let r be (-10)/(-15) + (-26)/(-6). Suppose r*d - 13 = -3. What is the remainder when d is divided by g?
0
Suppose u + 4*u = -5*x + 80, -x + 22 = -5*u. Let y = 32 - x. What is the remainder when 44 is divided by y?
14
Let i = -71 - -75. Calculate the remainder when 11 is divided by i.
3
Let z = 9 + -6. Let y = z + -6. Let l(u) = u**3 + 3*u**2 - 2*u + 2. Calculate the remainder when 23 is divided by l(y).
7
Calculate the remainder when 290/25 - (-2)/5 is divided by 3.
0
Let u be (-58)/(-4)*4/1. Suppose -4*h + u = 6. Calculate the remainder when h is divided by 5.
3
Let r = 65 + -18. What is the remainder when r is divided by 10?
7
Let v(y) = -2 - 3*y + y + y**2 + 2*y**2. Suppose 5*u = -1 + 16. What is the remainder when v(u) is divided by 10?
9
Suppose 0 = -4*v - 4*m + 48, 3*v - 25 = v - m. What is the remainder when 36 is divided by v?
10
Let q(p) = 37*p + 2. Let b be q(1). Let u = 91 - b. Calculate the remainder when u is divided by 18.
16
Let o = 25 + -15. Suppose -2*h + 22 = -o. What is the remainder when 77 is divided by h?
13
Suppose 6*g - g + o - 22 = 0, -3*g + 16 = 2*o. Suppose g*y = -2*b + 6*b + 128, -y + 12 = 4*b. What is the remainder when y is divided by 10?
8
Suppose -3*c - 53 = 4*f, -2*f = -3*c - 22 - 19. Let i = 41 - c. Suppose -4*w + i = -60. Calculate the remainder when w is divided by 15.
14
Suppose -l + 3*l + 2*p = 18, 4*p - 22 = -3*l. Calculate the remainder when l is divided by 4/(2/(-1)) - -7.
4
Let r be ((-90)/(-75))/(1/(-25)). Let h = 0 - 0. Let z = h - r. Calculate the remainder when z is divided by 16.
14
Let r be (-15)/(-10)*2/(-3). Let y be -6*r/(-2)*5. Calculate the remainder when 29 is divided by (-141)/y - (-3)/5.
9
Let a(n) = -3*n - 20. Let v be a(0). Let p = v - -31. What is the remainder when 42 is divided by p?
9
Suppose -4*z + 2 = -2. Let g be ((-3)/((-6)/4))/(5/10). Suppose 0 = -g*f + 3 + z. Calculate the remainder when 2 is divided by f.
0
Let m(f) = 2*f**2 + 3*f. Let h be m(-5). Suppose 4*q - 73 = h. What is the remainder when 78 is divided by q?
24
Let j(z) = -z**3 + 3*z**2 - 2*z + 1. Let x be j(3). Let r(w) = 5*w - 25. What is the remainder when r(12) is divided by 2 - 0 - x*2?
11
Let p(t) = -t + 54. What is the remainder when p(-28) is divided by 28?
26
Calculate the remainder when -1 + -3 + 0 + 15 is divided by 5.
1
Suppose -3*w + 3*q + 0*q + 186 = 0, -5*q - 246 = -4*w. What is the remainder when w is divided by 11?
9
What is the remainder when 64 is divided by ((-10)/6 - -1)*204/(-8)?
13
Suppose 4*i - 285 = 27. Let h = i - 46. Calculate the remainder when h is divided by 5*3 + (-4 - -6).
15
Suppose 2*f = -3*m + 74, 4*m - 6*f + 3*f - 93 = 0. Let t be m*1*3/(-6). Calculate the remainder when (-1 + -2 - t) + 0 is divided by 5.
4
Let v be ((-2)/6)/(2/(-30)). Suppose 14 = z + 2*q, -2*z + v*q = -5*z + 43. Let d = 23 + -14. What is the remainder when z is divided by d?
7
Let j = 26 - 19. Calculate the remainder when 27 is divided by j.
6
Let k = 39 - 28. Let y(j) = j**2 + 7*j - 8. Let z be y(-8). Suppose z = -2*x - x + 21. What is the remainder when k is divided by x?
4
Let v = 1 + 2. What is the remainder when 9 is divided by v?
0
What is the remainder when (2 - -52) + (1 - -1) is divided by 29?
27
Suppose -44 = -4*s + 2*x, 5*x + 20 = -0*x. Calculate the remainder when 44 is divided by s.
8
Let g(z) = z**2 - 8*z + 8. Let y be g(9). Let t = 7 + y. Calculate the remainder when 70 is divided by t.
22
Let d(x) = -2*x. Let a be d(-4). Let v be a/(-4) + (1 - -4). Let j(o) = 14*o - 1. What is the remainder when j(v) is divided by 14?
13
Let r(y) = 4 - 5 + y**2 + 3 + y**3 + 1 - 5*y. Calculate the remainder when r(3) is divided by 9.
6
Let i = -40 - -62. What is the remainder when 86 is divided by i?
20
Suppose 0 = 3*x + 2*x - 65. What is the remainder when x is divided by ((-2)/(-2))/(4/32)?
5
Let p(t) = -4*t**3 + 3*t + 2. Let v be 573/21 - (-4)/(-14). Suppose 7 = -2*b + v. Calculate the remainder when p(-2) is divided by b.
8
Let i(v) be the first derivative of -2 + 5/2*v**2 + 4/3*v**3 + 2*v - 1/4*v**4. What is the remainder when i(4) is divided by 12?
10
Let s(w) = -95*w**3 + 2*w**2 + 2*w + 1. Suppose 0*f - 2*f = -50. What is the remainder when s(-1) is divided by f?
21
Suppose 0*d - 66 = -2*d. Let f be (-146)/8 - (-3)/12. Let t = d + f. What is the remainder when t is divided by 4?
3
Suppose -8 - 3 = -c. What is the remainder when 31 is divided by c?
9
Suppose 0*b - 3*o + 58 = 2*b, b = o + 39. Calculate the remainder when b is divided by 12.
11
Suppose -3*s - a + 26 = 0, 3*a + 1 + 2 = 0. Let z = s + 26. Calculate the remainder when z is divided by 6.
5
Let v be ((-1)/(-2))/(1/18). Let s be (-1*1)/((-2)/6). Calculate the remainder when (16/3)/(s/v) is divided by 6.
4
Let i be (-36)/(-14)*(-56)/(-12). Suppose -3*y + 48 = i. Calculate the remainder when 23 is divided by y.
11
Suppose 0 = 27*u - 51*u + 48. Suppose m + 10 = -4*m. What is the remainder when u is divided by (-3)/m - 2/(-4)?
0
Let i = 13 + 20. What is the remainder when i is divided by (17 - 4/1) + 4?
16
Suppose t + 3*t = 68. Calculate the remainder when 66 is divided by t.
15
Let c = -16 + 24. Calculate the remainder when c is divided by 2.
0
Suppose 9 = 5*q - 26. Calculate the remainder when q is divided by 6.
1
Suppose j + 121 = 4*n, -140 = -2*n - 3*n + 5*j. What is the remainder when n is divided by -1 + 22 + -1 + -3?
14
Suppose -5*b + 0*n = 5*n - 320, 2*b + n - 131 = 0. Calculate the remainder when b is divided by 10.
7
Suppose -3*o - 20 = -7*o. Suppose -5*u + 4*q = -4*u - 22, 0 = -o*u + 4*q + 126. What is the remainder when u is divided by 9?
8
Let v(q) = 5*q**2 + 2*q. Let u be v(6). Suppose u = 4*b - b. Let r(a) = a**3 + 7*a**2 - 3*a + 1. What is the remainder when b is divided by r(-7)?
20
Let t(f) be the second derivative of -f**5/20 + 5*f**4/12 + f**3/3 + f**2/2 - f. Let l(g) = -2*g + 5. What is the remainder when l(-8) is divided by t(5)?
10
Let l(d) = -d**3 + 12*d**2 - d + 17. What is the remainder when 8 is divided by l(12)?
3
Let i be -55*2/(-2)*1. Suppose -p = 4*p - i. What is the remainder when 21 is divided by p?
10
Calculate the remainder when (-10)/(-5)*(-46)/(-4) is divided by 13.
10
Let h(c) be the second derivative of c - c**3 - 1/2*c**2 + 0. What is the remainder when h(-6) is divided by 18?
17
Let r(g) = -g**3 - 8*g**2 + 8*g + 8. Let l be r(-9). Let a = -12 + l. What is the remainder when 13 is divided by a?
3
Let v be (-14)/6 + (-2)/3. Let t = v + 44. Suppose 3*k + 3*i - 27 - 27 = 0, 5*k = 3*i + 58. What is the remainder when t is divided by k?
13
Calculate the remainder when (-8)/48 - 458/(-12) is divided by 14.
10
What is the remainder when 2 is divided by (-72)/(-45) - (-2)/5?
0
Suppose 11 + 5 = -u. Let y(v) = -v**3 - 11*v**2 - 12*v - 14. What is the remainder when y(-10) is divided by 3/2*u/(-6)?
2
Let u be (2/8)/((-6)/(-48)). Suppose 46 = 3*l + l - 3*w, -46 = -5*l - u*w. What is the remainder when 17 is divided by l?
7
Suppose -3*j + 3 = -3*f, 2*j - 5*j + 3 = 4*f. What is the remainder when (j + 0)/((-5)/(-155)) is divided by 17?
14
Suppose h + 2 = 7. Suppose -h*a + 0*a + 45 = 0. Calculate the remainder when 26 is divided by a.
8
Suppose -3*b + 49 = 3*a - 8*b, 4*b = 2*a - 36. Let v(x) = -x**3 + 8*x**2 + 3. Calculate the remainder when 3 is divided by v(a).
0
Let t = 234 + -119. Calculate the remainder when t is divided by 29.
28
Let m = -31 - -44. Suppose -2*b + 25 = -4*y + 7, 0 = -5*b + 5*y + 35. What is the remainder when m is divided by b?
3
Suppose 0 = -4*h + 4, 2*f + h = 31 + 74. Let m(c) = 21*c - 57. W